is divided by 11?
2
Calculate the remainder when 85 is divided by 62.
23
What is the remainder when 10948 is divided by 50?
48
Calculate the remainder when 577 is divided by 236.
105
Calculate the remainder when 50 is divided by 24.
2
What is the remainder when 1103 is divided by 13?
11
What is the remainder when 207 is divided by 30?
27
Calculate the remainder when 10 is divided by 3.
1
Calculate the remainder when 298 is divided by 147.
4
What is the remainder when 853 is divided by 2?
1
Calculate the remainder when 5175 is divided by 140.
135
What is the remainder when 140 is divided by 22?
8
Calculate the remainder when 48 is divided by 15.
3
Calculate the remainder when 247 is divided by 29.
15
What is the remainder when 239 is divided by 212?
27
What is the remainder when 39 is divided by 15?
9
Calculate the remainder when 4207 is divided by 8.
7
Calculate the remainder when 85 is divided by 67.
18
What is the remainder when 485 is divided by 21?
2
What is the remainder when 375 is divided by 96?
87
Calculate the remainder when 639 is divided by 20.
19
What is the remainder when 60 is divided by 22?
16
Calculate the remainder when 165 is divided by 64.
37
Calculate the remainder when 189 is divided by 10.
9
What is the remainder when 480 is divided by 158?
6
Calculate the remainder when 136 is divided by 46.
44
Calculate the remainder when 757 is divided by 374.
9
Calculate the remainder when 371 is divided by 125.
121
Calculate the remainder when 17800 is divided by 207.
205
What is the remainder when 15650 is divided by 13?
11
What is the remainder when 320 is divided by 110?
100
Calculate the remainder when 1708 is divided by 35.
28
Calculate the remainder when 525 is divided by 168.
21
Calculate the remainder when 1009 is divided by 169.
164
What is the remainder when 1270 is divided by 153?
46
Calculate the remainder when 79 is divided by 44.
35
What is the remainder when 157 is divided by 3?
1
Calculate the remainder when 1516 is divided by 19.
15
What is the remainder when 239 is divided by 115?
9
What is the remainder when 193 is divided by 52?
37
Calculate the remainder when 348 is divided by 39.
36
Calculate the remainder when 97 is divided by 53.
44
Calculate the remainder when 75540 is divided by 149.
146
What is the remainder when 5302 is divided by 3?
1
Calculate the remainder when 1314 is divided by 165.
159
What is the remainder when 898 is divided by 50?
48
What is the remainder when 2544 is divided by 134?
132
What is the remainder when 23366 is divided by 4?
2
Calculate the remainder when 49 is divided by 33.
16
What is the remainder when 2021 is divided by 167?
17
What is the remainder when 428 is divided by 70?
8
Calculate the remainder when 112 is divided by 2.
0
What is the remainder when 733 is divided by 14?
5
Calculate the remainder when 3304 is divided by 77.
70
What is the remainder when 1151 is divided by 5?
1
What is the remainder when 539 is divided by 370?
169
What is the remainder when 8692 is divided by 46?
44
What is the remainder when 346 is divided by 25?
21
What is the remainder when 208 is divided by 53?
49
Calculate the remainder when 879 is divided by 11.
10
Calculate the remainder when 223 is divided by 29.
20
Calculate the remainder when 575 is divided by 83.
77
What is the remainder when 2 is divided by 2?
0
Calculate the remainder when 3 is divided by 2.
1
Calculate the remainder when 5324 is divided by 130.
124
What is the remainder when 104 is divided by 15?
14
Calculate the remainder when 16 is divided by 4.
0
Calculate the remainder when 14828 is divided by 91.
86
Calculate the remainder when 507 is divided by 63.
3
What is the remainder when 698 is divided by 7?
5
What is the remainder when 179 is divided by 85?
9
What is the remainder when 256 is divided by 13?
9
Calculate the remainder when 9687 is divided by 190.
187
What is the remainder when 210 is divided by 25?
10
What is the remainder when 27922 is divided by 26?
24
Calculate the remainder when 8267 is divided by 44.
39
What is the remainder when 80 is divided by 10?
0
Calculate the remainder when 55 is divided by 55.
0
Calculate the remainder when 202 is divided by 101.
0
What is the remainder when 3413 is divided by 56?
53
What is the remainder when 8434 is divided by 37?
35
What is the remainder when 1992 is divided by 994?
4
Calculate the remainder when 321 is divided by 91.
48
Calculate the remainder when 3477 is divided by 12.
9
Calculate the remainder when 117 is divided by 59.
58
What is the remainder when 332 is divided by 24?
20
What is the remainder when 19300 is divided by 127?
123
Calculate the remainder when 142 is divided by 48.
46
Calculate the remainder when 1150 is divided by 61.
52
What is the remainder when 264 is divided by 31?
16
Calculate the remainder when 6717 is divided by 14.
11
Calculate the remainder when 6 is divided by 2.
0
Calculate the remainder when 473 is divided by 9.
5
What is the remainder when 2408 is divided by 18?
14
Calculate the remainder when 606 is divided by 604.
2
Calculate the remainder when 4936 is divided by 13.
9
Calculate the remainder when 3497 is divided by 43.
14
Calculate the remainder when 192 is divided by 69.
54
What is the remainder when 1575 is divided by 158?
153
What is the remainder when 5248 is divided by 13?
9
Calculate the remainder when 176 is divided by 70.
36
What is the remainder when 409 is divided by 95?
29
Calculate the remainder when 78 is divided by 15.
3
Calculate the remainder when 582 is divided by 53.
52
What is the remainder when 101 is divided by 6?
5
What is the remainder when 633 is divided by 4?
1
What is the remainder when 677 is divided by 97?
95
Calculate the remainder when 1194 is divided by 9.
6
Calculate the remainder when 112 is divided by 26.
8
What is the remainder when 312 is divided by 53?
47
What is the remainder when 6550 is divided by 182?
180
Calculate the remainder when 211 is divided by 20.
11
What is the remainder when 1253 is divided by 431?
391
Calculate the remainder when 1804 is divided by 129.
127
What is the remainder when 203 is divided by 18?
5
Calculate the remainder when 161 is divided by 41.
38
Calculate the remainder when 253 is divided by 26.
19
Calculate the remainder when 68 is divided by 35.
33
Calculate the remainder when 995 is divided by 329.
8
What is the remainder when 33 is divided by 25?
8
What is the remainder when 660 is divided by 642?
18
Calculate the remainder when 4471 is divided by 6.
1
Calculate the remainder when 80 is divided by 64.
16
Calculate the remainder when 469 is divided by 34.
27
Calculate the remainder when 516 is divided by 11.
10
Calculate the remainder when 774 is divided by 37.
34
What is the remainder when 9 is divided by 4?
1
Calculate the remainder when 141 is divided by 74.
67
What is the remainder when 546 is divided by 22?
18
What is the remainder when 134 is divided by 14?
8
Calculate the remainder when 2107 is divided by 29.
19
Calculate the remainder when 11 is divided by 1.
0
Calculate the remainder when 1198 is divided by 50.
48
What is the remainder when 813 is divided by 24?
21
Calculate the remainder when 462 is divided by 5.
2
What is the remainder when 1530 is divided by 16?
10
Calculate the remainder when 345 is divided by 58.
55
What is the remainder when 221 is divided by 21?
11
Calculate the remainder when 169 is divided by 33.
4
What is the remainder when 231 is divided by 39?
36
Calculate the remainder when 67 is divided by 12.
7
Calculate the remainder when 122 is divided by 98.
24
Calculate the remainder when 409 is divided by 80.
9
Calculate the remainder when 143 is divided by 9.
8
Calculate the remainder when 516 is divided by 11.
10
Calculate the remainder when 11976 is divided by 3992.
0
Calculate the remainder when 78 is divided by 23.
9
Calculate the remainder when 799 is divided by 29.
16
Calculate the remainder when 514 is divided by 165.
19
Calculate the remainder when 135 is divided by 66.
3
Calculate the remainder when 569 is divided by 20.
9
Calculate the remainder when 7 is divided by 5.
2
What is the remainder when 3405 is divided by 156?
129
Calculate the remainder when 473 is divided by 16.
9
What is the remainder when 701 is divided by 3